3*i + 57 = 408. Calculate the remainder when i is divided by 40.
37
Suppose 8*k + 95 = 5*y + 3*k, 2*y - 50 = 5*k. What is the remainder when 71 is divided by y?
11
Let q(s) = s**3 + 3*s**2 + 2*s + 3. Let w be q(-2). Suppose 5*h - h + 4*u = 12, -w*u = 9. Calculate the remainder when 11 is divided by h.
5
Suppose -3*l + 2*s = -102, -s + 6*s + 15 = 0. Let f(u) = 6*u + 2. Let g be f(-8). Let w = -29 - g. What is the remainder when l is divided by w?
15
Let t = 12 + -13. Let n = 1 + 1. What is the remainder when 8 is divided by n + (-3 - -2)/t?
2
Suppose 5*z = -0*z + 35. Suppose -135 = -5*c - 4*m, -3*c = 2*m - z*m - 118. What is the remainder when 91 is divided by c?
29
Let u(c) = 9*c**3 + 2*c - 2. What is the remainder when u(2) is divided by 25?
24
Let m(a) = -5*a**3 + a**2 + a - 2. Let o be m(1). Let y be 14 - (0 - (0 - 1)). Let t = o + y. What is the remainder when 23 is divided by t?
7
Suppose x - 2 - 1 = 0. Suppose -5*v + 2*b = -283, -2*v + 98 = x*b - 0*b. Calculate the remainder when v is divided by 19.
17
Let s = -4 - -7. Suppose 2*d + 6*u - u - 176 = 0, -3*d - s*u + 273 = 0. What is the remainder when d is divided by 32?
29
Suppose a = 2 + 2. Suppose -a*b = -95 + 3. Calculate the remainder when 43 is divided by b.
20
Let n be (1 - 33/6)*10. Let j = -15 - n. Suppose -18 - 38 = -7*r. What is the remainder when j is divided by r?
6
Suppose l + 0*l = -5*b - 5, -4*b + 10 = -2*l. Suppose b = -y - 7*x + 3*x + 19, -4*y + 40 = -2*x. What is the remainder when 31 is divided by y?
9
Suppose 0 = 5*k - 15. Suppose 2*z - k*z + 19 = 0. Suppose a = -3*p + 22, 2*a + 5*p + 62 = 3*a. What is the remainder when a is divided by z?
18
Suppose -5*d - r + 2*r + 25 = 0, 3*d + 4*r + 8 = 0. What is the remainder when d is divided by 3?
1
Let x(k) = -k + 49. What is the remainder when x(-13) is divided by 16?
14
Suppose -4*m = -3*m - 14. Calculate the remainder when m is divided by 3.
2
Let s = 31 - 12. Calculate the remainder when 54 is divided by s.
16
Suppose p - 2*d = 17, -d = -2*p - 0*d + 19. Let k(n) = 4*n - 10. Suppose 212 = 4*b - 0*b. Calculate the remainder when b is divided by k(p).
17
Let v be 8/28 + (-23)/7. Let t = v - -11. Suppose w + 2*c - 21 = 7*c, 0 = -3*w + 5*c + 63. Calculate the remainder when w is divided by t.
5
Suppose 0 = 2*k - 2*g - 30, 6*k - k - 66 = -4*g. Let y = k + -12. Calculate the remainder when 4 is divided by y.
0
Let j = -26 - -28. Suppose 135 = -j*q + 7*q. Calculate the remainder when 52 is divided by q.
25
Suppose 5*w + 5 = 0, 4*w = -4*a + 3*a. Suppose 0 = 3*u - 19 + a. Calculate the remainder when (12 - 0) + ((-45)/5)/3 is divided by u.
4
Let f be (-25)/(-9) + (-4)/(-18). Let v be (1 + f/(-3))/(-1). Suppose -y + 2 = m, 5 = -m - v*m. Calculate the remainder when 12 is divided by y.
5
Let t(f) = -2*f. Let p(v) = 16*v**3 - 5*v**2 - 1. What is the remainder when p(1) is divided by t(-3)?
4
Let y be (-54)/45*(-10)/4. Let o(t) = -t**2 + 5*t - 3. Calculate the remainder when o(y) is divided by 1.
0
Let j(k) = 1 + 4*k + 6 + k**2 + 4*k. Let z(q) = -q**2 + 7*q + 3. What is the remainder when j(-9) is divided by z(6)?
7
Let r = 16 + 3. What is the remainder when r is divided by 7?
5
Suppose 6*b = b + 25. Let l(g) = g**2 + 11*g + 3. What is the remainder when b is divided by l(-11)?
2
Let k = 74 + -44. Suppose 0 = 2*d - j - 22, d - 3*d = -3*j - k. What is the remainder when 23 is divided by d?
5
Suppose 360 = -2*a + 38*a. Let i = 118 + -45. Suppose 0 = o + 3*z - 21, -i = -4*o - 3*z + 29. What is the remainder when o is divided by a?
7
Suppose -3*h - h - 5*g + 108 = 0, -54 = -2*h - 2*g. Calculate the remainder when 105 is divided by h.
24
Suppose 0 = -n + 2*k, -n + 24 = n + 2*k. Calculate the remainder when 23 is divided by n.
7
Suppose 35 = -f + 2*b, -2*f + 2*b = -3*f - 27. Suppose -p = -3*p - 6, 4*p - 90 = -2*o. Let g = f + o. What is the remainder when 39 is divided by g?
19
Let f = 88 - 34. What is the remainder when f is divided by 14?
12
What is the remainder when (0 + -57)*(2 + -3) is divided by 20?
17
Calculate the remainder when 28 is divided by ((-5)/(-2))/(14/12 + -1).
13
Let i(t) = t**3 - 15*t**2 + 14*t + 5. Calculate the remainder when 5 is divided by i(14).
0
Let v = -19 + 44. Suppose 5*j + v = 0, -b - 4*b = 5*j - 5. Suppose b + 2 = u. Calculate the remainder when 14 is divided by u.
6
What is the remainder when (-42)/4*2/(-3) is divided by ((-14)/4 + 0 + 4)*4?
1
Let u be 1/(-2) - 21/(-2). Let w = 14 - u. Calculate the remainder when ((-2)/w)/(3/(-318)) is divided by 18.
17
Suppose 0 = 2*m - m + 6. Let l(d) = d**3 + 6*d**2 + 2*d + 8. Let a be l(m). What is the remainder when (110/a)/(2/(-4)) is divided by 19?
17
Let p = 3 + 0. Calculate the remainder when 4/4 + (14 - 1) is divided by p*(3 + (-3)/9).
6
Let a = -44 + 77. What is the remainder when a is divided by 18?
15
Let n(o) = o**3 + 4*o**2 - 3*o + 3. Let d be n(-4). Suppose 5*s = 41 + 9. Calculate the remainder when -1 + (d - -2 - -3) is divided by s.
9
Let r = -48 - -85. Let o = r - 21. Calculate the remainder when 46 is divided by o.
14
Suppose -5*s - 44 = -224. Let k = s + -26. Calculate the remainder when 18 is divided by k.
8
Suppose -5*p = 5*u - 20, -1 = -2*p - 5. Let m(d) = 3*d + 6. What is the remainder when m(u) is divided by 13?
11
Suppose 4*m = -67 - 85. Let a = 57 + m. Calculate the remainder when 75 is divided by a.
18
Let b(f) = -f**3 + 8*f**2 + 13*f - 12. Calculate the remainder when b(9) is divided by 6.
0
Let r = -2 - -5. Let l(f) = f**3 - 2*f**2 - 2*f + 1. Let q be l(2). What is the remainder when -2 + (-6)/q - -7 is divided by r?
1
Let b = 64 - 35. Let a = 48 - b. Suppose -4*d + 2*m + 42 = d, -5*m + 40 = 2*d. Calculate the remainder when a is divided by d.
9
Let u(d) = d**2 + 3*d - 2. Calculate the remainder when 46 is divided by u(-6).
14
Let h = -17 - -2. Let t = -3 - h. Calculate the remainder when 34 is divided by t.
10
Let u = 150 + -132. Suppose -87 = -4*z + 45. What is the remainder when z is divided by u?
15
Suppose -t + 137 = 4*t - 2*b, -2*t + b = -55. Let l = -6 + 10. Suppose 18 = z + l. Calculate the remainder when t is divided by z.
13
Let u = -23 - -30. Calculate the remainder when 27 is divided by u.
6
What is the remainder when 1452/10 + -2 - (-11)/(-55) is divided by 37?
32
Suppose 3*t = 37 + 50. Suppose 5*s - 31 - t = 0. Let g = -82 + 116. Calculate the remainder when g is divided by s.
10
Let w(p) = -5*p - 5. What is the remainder when 27 is divided by w(-4)?
12
Let q = 276 - 97. What is the remainder when q is divided by 45?
44
Suppose -g - 9 = -4*g. Suppose 8*p - 85 = g*p. What is the remainder when 48 is divided by p?
14
Let r(y) = -y + 10. Calculate the remainder when r(9) is divided by 1.
0
Let k(o) = o**3 + 4*o**2 + 2*o + 12. What is the remainder when 54 is divided by k(-4)?
2
Let p(g) = -2*g**3 + 2*g - 6. Calculate the remainder when p(-4) is divided by 29.
27
Suppose -5*q + 30 = -4*a - 3*q, 0 = -5*a + 4*q - 45. Let p(d) = d**2 + 5*d + 1. What is the remainder when 1 is divided by p(a)?
0
Let x(c) = -7*c + 41. What is the remainder when (-52)/(-6) - (-4)/(-6) is divided by x(5)?
2
Let s = 88 + -49. Let k = s + -28. What is the remainder when k is divided by 7?
4
Let t = 2 + 6. What is the remainder when 71 is divided by t?
7
Suppose -4*x = -2*x - 18. Let c(f) = 4*f + 5. Let v(g) = -g**2 + 5*g - 1. Let p be v(2). What is the remainder when c(p) is divided by x?
7
Suppose s - 3*q + 6 = 0, -5*q = -2 - 18. Suppose 0*v + s = 3*v. What is the remainder when 7 is divided by v?
1
Let u(a) = 8 - 4*a**2 - 7*a - 7 + 5*a**2. Let m be u(8). Calculate the remainder when 1*-2*m/(-2) is divided by 5.
4
What is the remainder when 16 is divided by ((-45)/(-2))/(-5)*(-8 + 6)?
7
Calculate the remainder when 283/5 + 8/20 is divided by 15.
12
Let a(m) = -5*m**2 - 2*m. Let p be a(-2). Let q = -2 - p. Calculate the remainder when 53 is divided by q.
11
Let i = 14 + 47. Suppose 19 = -3*o + i. Calculate the remainder when 39 is divided by o.
11
Suppose 3*d - 4*n - 83 = -0*n, 0 = -n + 1. Calculate the remainder when d is divided by 5.
4
Suppose -4*j - 4*o + 64 = 0, -j + 2*o = -5*j + 56. What is the remainder when 2*5/((-10)/6) - -51 is divided by j?
9
Let y = 92 + -138. Let b = y + 88. What is the remainder when b is divided by 11?
9
What is the remaind